3)?
17
What is the value of -5 + -17 + 35 + -27 + 3?
-11
What is 74 - 31 - (4 + -16 - 1)?
56
What is 21 - 2 - (41 - -11)?
-33
(-5 - (2 + -1)) + (133 - (51 + -75 + 65))
86
-72 + (-3 - 67 - -19) + 50
-73
Evaluate (-22 - (-23 + -28 - (1 - 15))) + -64.
-49
(42 - 24) + -21 + 1 + 19 - (27 - 33)
23
Calculate -28 - 2 - -1 - (-6080 - -6045).
6
Calculate 39 + (13 - 0 - (85 + (110 - 173))).
30
Calculate -4356 - -4379 - (0 - (0 - 37)).
-14
-31 + 73 + -2 + -23 - 17
0
Evaluate 13 + (17 - 2 - 13 - (51 + 13)).
-49
What is the value of 20 - (-38 - -24) - 57?
-23
Calculate (39 - 1) + 24 + -51 + -23 + -1.
-13
Calculate -20 + (-16 - (-37 + 3)) + (-32 - 2).
-36
What is 5 + 3 + -15 - (-2 - -6) - 14?
-25
Evaluate 37 + (96 - 96) + (-2 - -2 - 9).
28
What is ((14 - (0 - -3)) + -21 - (2 - 4)) + -34?
-42
Calculate -2 + -2 + 1 + -2854 + 2903.
46
What is the value of (-6 - -30) + (44 + -44 - -22)?
46
What is the value of (-61 - -110) + -66 + -17 + 2?
-32
What is 26 + (-62 - -41) + 15 + 0?
20
Calculate (6 - (-14 - 2 - -37)) + 18.
3
Evaluate (26 - 92) + 1 + -13 + 37.
-41
-19 + 58 + 39 - 49
29
(-220 - -193) + (8 - 17)
-36
What is the value of (-2 - -3) + 67 + (95 - (79 + 19)) + 4?
69
What is -107 - (-22 + (-19 - 22))?
-44
46 - (115 + -83) - (-92 + 9)
97
What is (43 + -48 - (9 + -4 + 1)) + 74?
63
What is -1 + 6 + (-76 - 24 - -86)?
-9
What is the value of -92 - -11 - (-4 + (-5 - 1) + 14)?
-85
98 - (68 + (9 - 28))
49
Evaluate 38 - 55 - (24 + -33).
-8
60 - ((-4 - -5) + 2 + -7 + 11)
53
Evaluate (-17 - -20) + 1 + -1 + 9 + -56 + 1.
-43
What is 1 - 0 - 12 - (-500 - -507)?
-18
What is the value of (111 - (180 - 41)) + 13?
-15
-20 + 15 + 40 - (2 + -2 + -10)
45
Calculate 1 + -35 + (-1391 - -1339).
-86
(-36 - (-81 + 26) - 28) + -60
-69
Evaluate (-65 - -82) + (16 - (-1 - -6)).
28
-31 + 11 + (9 - 10) + (-28 - -84)
35
Calculate ((15 - 14 - 20) + -5 - -17) + -39.
-46
22 - (58 - (-51 + 102))
15
Calculate (-80 - -13) + 65 - (-5 - (0 - 29)).
-26
-65 + -23 + 39 + 4 + -24
-69
Evaluate 120 - (9 + (97 - 23)).
37
Evaluate -60 + (62 - 23) - (2 + -3).
-20
5 + -86 + 96 - (19 - -2)
-6
What is the value of (17 - (0 - -7)) + 13 - (-8 - (-18 - -5))?
18
What is 980 - 1021 - (-70 + 1)?
28
5 + -31 + (-158 - -170) - (2 - (0 - -10))
-6
3 + 7 + 70 + -54 + -8
18
Evaluate (-58 - (-39 + 16 + 41)) + -25.
-101
Calculate 35 - (7 + -31 - -3).
56
Calculate (22 - 57) + 26 + (-5 - -74) + -5.
55
Evaluate (8 + 77 - 5) + -2 - 15.
63
-23 + (-15 - -3 - -12) + 31
8
What is -85 - ((14 - (11 - -7)) + 18 - 3)?
-96
What is -94 + (-13 - -16) - (-357 - -368)?
-102
Evaluate -2 - (1 - -16) - (-284 - (-680 - -338)).
-77
Calculate -26 + 17 - (-7 + 7 + 106 + -4 - 6).
-105
-115 - (2 + 13 - (41 + (51 - 72)))
-110
What is -14 - (3 - 4) - (-84 + 41 + -4)?
34
Calculate -13 + (-1 - 29 - (231 + -220)).
-54
Calculate (-5 - 0) + (-1958 - -1933).
-30
Evaluate (17 - (17 - -6)) + 61 + -34.
21
What is (4 - (2 + 37)) + 2 - (-45 + 57) - 2?
-47
What is (124 - 1) + (-7 - (2 - 12 - (-23 - -26)))?
129
(-37 - -10) + 6 - (-10 + -1)
-10
-25 - -35 - (-3 - 6 - 19 - 6)
44
What is 105 + 21 - (0 + 10 - (81 + -86))?
111
Evaluate -2480 + 2483 - (1 + 3 - (-4 + 6)).
1
What is -2 + -19 + 1572 + -1611?
-60
What is the value of 16 + (-10 + 15 - 19) + 4 + -1?
5
29 - (72 - (12 - -66))
35
Calculate -18 + 15 + (46 - (21 - 9)) + (12 - 5).
38
-69 - (2 + (-35 - 0))
-36
6 + -2 - -1 - (18 - (13 + (-1 - 21)))
-22
Evaluate 64 + -55 + 65 + -53.
21
What is -5 + (35 - (60 + -9))?
-21
Calculate 0 + -11 - -15 - 12 - (-30 + 1).
21
Evaluate 2 + -3 + 10 - ((9 - 2) + 1).
1
Evaluate 3 + 24 + -7 - (-73 - -82) - -85.
96
What is (-45 - -35) + (-1 - -54) - 9?
34
Calculate (76 + -159 - -87) + (-15 - (3 + -2)) - -83.
71
Calculate (-3 - 53) + (-40 - (-58 - -21) - (-5 - 1)).
-53
Evaluate 5 - (-15 + 21 + -19 + -2).
20
What is 3 + (-50 + 77 - -29)?
59
-405 - -430 - (-1 + 3 + -3)
26
What is the value of (-67 - (-12 - 17)) + 22 - 24?
-40
What is 68 - (35 - (3 - (41 - 65)))?
60
What is the value of -4 + 3 + 1 - (7 + 10 + -8 + -7)?
-2
Calculate -153 - -113 - (-62 - 14).
36
(2 - (33 - 51)) + (-4 - 16)
0
Calculate 14 + -15 + 12 - ((23 - -4) + 0).
-16
What is -2 + (2 - 60) + 9 + (-50 - (-18 + -11))?
-72
What is the value of -36 + 1 + 22 + 8 + 6 + -1?
0
0 + 0 + (23 + -30 - 4)
-11
What is (-2 - -3 - (-145 + 150)) + -27?
-31
Evaluate 352 + -333 + (2 - 2) + (-3 - 1).
15
What is 23 - ((7 - -4) + -3) - (32 + -23)?
6
What is (-5 + -2 + 2 - 3) + (-19 - (13 + -31))?
-9
(8 - (0 + -2)) + (1291 - 1296)
5
Calculate -17 + (-1 - -12 - (-471 + 516)).
-51
What is the value of (13 + -3 + -4 - 119) + -177 + 181?
-109
Evaluate 40 + (-31 - (104 - 8)).
-87
What is the value of -15 - 0 - (-381 + 388) - -18?
-4
Evaluate (3 - 15) + -1 - (-56 + (-40 - (-27 - 13))).
43
What is the value of 96 + (-43 - -104 - 53)?
104
Evaluate ((2 + -4 - -19) + -17 - 4) + 59.
55
3 + -17 - -6 - (-1248 - -1152)
88
What is the value of (-43 - (-18 - 94)) + -49?
20
Calculate -45 + (8 + 12 + 5 - (13 + -1)).
-32
What is (-3 - (-111 + 154)) + 6 + -2 + -13?
-55
24 - (-16 + 145 + -136)
31
Evaluate 102 + -21 + 20 + -31 + 30.
100
28 + 43 + (-101 - -98)
68
Calculate -65 + -25 + (31 + -11 - 6).
-76
Calculate 0 - ((-50 - 1) + (-30 - 17 - -55)).
43
Calculate 5 + (3 + (-8 - -3) - (5 - -2)).
-4
What is 83 - (-13 + (9 - (-1 + -3 - (19 + -15))))?
79
What is (-37 + -38 - -15) + (16 - 1) - 10?
-55
Calculate -33 - (18 + (25 - 95)).
19
Calculate (10 - -22) + -24 + -14 + (2 + 4 - -3).
3
19 + 62 + -58 - -11
34
Calculate -16 - -1 - (6 - (-18 + 16)).
-23
Calculate (238 - 213) + 37 + 4 + -6.
60
-19 - (24 + -3 + -111)
71
What is the value of -1 + (-9 - (-19 - (15 + -30)))?
-6
-2 - (-1 - (-91 - (-8 + 46)))
-130
What is the value of -1 + -79 + (30 - (11 - -5) - 1)?
-67
42 + (-49 - 37) + -8
-52
1582 - 1510 - (0 + -3 + 0)
75
What is the value of -101 - (-68 - -25 - 26)?
-32
Calculate -18 + 1 + 0 - (-11 + 1 - 31 - -44).
-20
What is (2 - -1) + (230 - (-220 - -541))?
-88
What is 6 - -34 - (-15 + (7 - -7 - -5))?
36
Calculate (-20 - 42) + 27 - -28 - (-27 + 2 + -2).
20
Calculate 11 + (-22 - (-17 - -4)) - (47 + -2) - -2.
-41
What is the value of (0 + 7 + -10 - (24 + -17)) + 84 + 1?
75
Calculate (-1 - (1 + 4)) + (29 - (11 - -4)) + -8.
0
What is the value of (1 + 3 + (40 - 45) - 33) + -218 + 215?
-37
4 + -2 + -27 + (3255 - 3232)
-2
Evaluate (32 - 5 - -9 - -14) + (-12 - -9 - -16).
63
Evaluate -54 - (44 - (82 - 22)).
-38
-1 - (26 + -32 - 35) - 9
31
Evaluate 0 + -6 - (-34 + -5 - (1 - 24) - -8).
2
What is the value of 10 - -20 - (-5 + 10 - (0 + -9))?
16
What is the value of (-48 - (-84 - -35)) + -91?
-90
(13 + -1 - (-15 + 16 + 6)) + -4
1
Evaluate -18 + (-78 - (-20 - 34)).
-42
Evaluate (-2 - 98) + (588 - 520).
-32
-18 - (2 + (19 - 26)) - (0 - 0)
-13
(8 - -11) + (-69 - -60) + (-3 - -15)
22
What is the value of 39 - (-3 + 12 + (-135 - -140))?
25
Calculate -105 - (-47 + -28 + 53).
-83
Calculate 37 - (-4 + 151 - 61).
-49
1 + -3 + -33 - ((-137 - -55) + 85)
-38
1 + 2 + -9 + -123 + 87
-42
What is the value of 87 - 8 - 12 - (26 - 4)?
45
Evaluate 98 + (-120 - -66) + 10.
54
What is (11 - (-29 + 115)) + 119?
44
What is the value of (20 + 1 - (-1045 - -1056)) + (4 + -3 - 133)?
-122
Calculate -31 - -193 - (224 - 202).
140
Calculate 19 + 4 - (44 + -8 - 151 - 0).
138
(-2 - -12) + (7 + 1 + -14 - (2 - -48))
-46
Calculate -20 + -10 + 5 + 12 - -3 - -46.
36
Evaluate 474 - 464 - ((-1 - -52) + -20 + 18).
-39
-38 - ((-35 - -62) + -57)
-8
What is (-40 - -1) + 171 + -152 + 48?
28
What is the value of 3 + 1 + -3 + (-9 - -7) - (-24 + 18)?
5
What is 17 + -9 - (4 - 2) - (23 - (29 + -81))?
-69
Evaluate -2 - (14 - 2) - ((3 - -4) + 37 + -43).
-15
Calculate 1 + 1 + (1 - 14) + 0 + -565 + 619.
43
(-8 - 1) + 1 + 30 + -61
-39
(58 - 58) + 4 + 4 + -7 - 19
-18
What is the value of (-45 - (-10 + 5)) + (238 - 218)?
-20
What is 11 + -13 + (12 - ((-9 - -7) + 12) - -56)?
56
Evaluate (26 - (-18 - -28)) + -48.
-32
Calculate 2 + 12 + -48 + -8 + 4.
-38
What is 16 + (-70 + 21 - -50)?
17
What is 88 - 100 - (-10 - ((-5 - -12) + -5))?
0
Evaluate (-37 - (-6 + (-22 - -20) - 9)) + 12.
-8
Evaluate -7 + (-4 - -11 - 4) + (1 - 17) + 64.
44
What is the value of 4 + (1 + -22 + 31 - 70)?
-56
Calculate (62 - (120 + -43)) + (0 + 3 - (1 - 2)).
-11
Calculate (-263 - -159 - (-3 - -7 - -15)) + 10.
-113
(20 - -15) + -21 + 37 - 18
33
17 - (-63 + 54 + (42 - 3))
-13